alse
Is 26581695697 a composite number?
False
Is 78821196581 composite?
True
Is 60833387038 a prime number?
False
Is 74764421 composite?
True
Is 951482237 a prime number?
False
Is 159202427 a prime number?
True
Is 6048805457 composite?
False
Is 12349447738 a composite number?
True
Is 3096066491 prime?
False
Is 9717899 composite?
False
Is 35749782883 composite?
True
Is 9051485071 a composite number?
True
Is 727397927 prime?
True
Is 170318876303 a prime number?
True
Is 33203109746 a composite number?
True
Is 5230796699 composite?
False
Is 51529017731 composite?
False
Is 61706581847 a prime number?
True
Is 675128171 prime?
False
Is 11868289967 a prime number?
False
Is 67750886051 a composite number?
True
Is 6708275738 a prime number?
False
Is 1025415011 prime?
False
Is 17956912877 composite?
True
Is 8155139177 a composite number?
False
Is 9246191369 a composite number?
True
Is 566387251 a prime number?
True
Is 443666099 a composite number?
True
Is 21909103771 a composite number?
True
Is 122540713 a composite number?
False
Is 89164697005 a prime number?
False
Is 10694699563 a prime number?
True
Is 4575925891 a prime number?
False
Is 6423210539 a prime number?
False
Is 24821537339 a composite number?
False
Is 14564043367 a prime number?
True
Is 2919560573 a prime number?
True
Is 4168299539 composite?
False
Is 2864610299 a composite number?
True
Is 813713933 a prime number?
True
Is 3380131247 a prime number?
True
Is 389670779 composite?
False
Is 463445287 a composite number?
False
Is 26779436653 composite?
False
Is 3457806277 prime?
True
Is 3661875397 a prime number?
False
Is 5047710821 prime?
True
Is 20054023 prime?
False
Is 45728068501 a composite number?
False
Is 17679945557 prime?
False
Is 7815321497 a prime number?
True
Is 1277559043 a prime number?
False
Is 7554492707 prime?
True
Is 2562837721 a composite number?
True
Is 2167565041 prime?
True
Is 12067569923 prime?
False
Is 12417249067 a prime number?
False
Is 23874475489 a composite number?
True
Is 4889856311 composite?
True
Is 1966933213 a prime number?
False
Is 38255938649 a prime number?
True
Is 86393336173 a prime number?
True
Is 2730588013 a composite number?
False
Is 283448141 composite?
False
Is 23155199749 prime?
False
Is 3027391151 a prime number?
True
Is 16665924731 composite?
True
Is 22101567181 a prime number?
True
Is 38045849 composite?
False
Is 202518367 a prime number?
False
Is 1391985763 composite?
True
Is 610081267 composite?
True
Is 1847901493 composite?
False
Is 18084510907 a composite number?
True
Is 170186447 a composite number?
False
Is 2629111307 prime?
True
Is 42536327 prime?
False
Is 15485958197 a prime number?
True
Is 363988837 prime?
True
Is 3720229439 prime?
True
Is 40938924631 composite?
True
Is 32551712527 prime?
False
Is 17223353261 prime?
True
Is 1035666139 prime?
True
Is 4297404887 prime?
False
Is 627473123 composite?
True
Is 4851920369 a prime number?
False
Is 5871876743 prime?
False
Is 10915690693 prime?
False
Is 118002336463 a prime number?
False
Is 34643729807 a composite number?
True
Is 25306977 a prime number?
False
Is 18379702973 prime?
False
Is 34398812473 a composite number?
True
Is 48432376659 a prime number?
False
Is 1318125793 composite?
False
Is 30938190827 composite?
True
Is 799698659 a prime number?
True
Is 7873048159 a composite number?
False
Is 7933020611 composite?
False
Is 10194430661 a prime number?
False
Is 34426681 composite?
False
Is 4393471759 a composite number?
False
Is 3652733327 prime?
False
Is 15148588129 a prime number?
False
Is 242523517 composite?
False
Is 1179289619 prime?
False
Is 12246300887 composite?
False
Is 121961942057 composite?
True
Is 83691613 composite?
False
Is 181612363 composite?
True
Is 395317771 prime?
True
Is 4763501753 prime?
True
Is 3666749279 prime?
True
Is 15569469143 a prime number?
False
Is 689028391 a composite number?
False
Is 72563791 a composite number?
True
Is 31599408287 a composite number?
False
Is 818478013 composite?
True
Is 1178568077 a composite number?
True
Is 33191771 composite?
True
Is 3315485245 composite?
True
Is 208569265 a composite number?
True
Is 30002390497 composite?
True
Is 823414538 composite?
True
Is 432111599 a prime number?
True
Is 5244065171 a composite number?
True
Is 3921053249 prime?
False
Is 9488515921 a prime number?
True
Is 79109215247 prime?
False
Is 42562607 a prime number?
True
Is 30549136762 a prime number?
False
Is 55298076959 composite?
False
Is 180871961 prime?
True
Is 38604352307 a composite number?
True
Is 14541135437 a composite number?
True
Is 36048129539 a composite number?
False
Is 1834126339 a composite number?
False
Is 6621721973 a composite number?
False
Is 86269977017 prime?
False
Is 350377751 prime?
True
Is 43403362033 composite?
False
Is 14704354891 prime?
False
Is 126234599 a composite number?
False
Is 1055830691 a prime number?
True
Is 23340034567 prime?
True
Is 28064721559 a prime number?
False
Is 121290968329 a prime number?
True
Is 1270632449 prime?
True
Is 22671598793 a composite number?
False
Is 1281710587 prime?
True
Is 698848877 a prime number?
True
Is 32901386273 prime?
False
Is 292414642873 a composite number?
False
Is 491215409 a composite number?
True
Is 1802905019 a prime number?
True
Is 3400184399 a composite number?
True
Is 1564422601 a prime number?
False
Is 134805929 composite?
False
Is 1498649437 composite?
False
Is 39711706813 a prime number?
True
Is 16626903603 a prime number?
False
Is 82212773 composite?
False
Is 76044798419 prime?
False
Is 134738707447 a prime number?
True
Is 1795849457 composite?
False
Is 61951137995 prime?
False
Is 19241878661 prime?
True
Is 13133790289 composite?
True
Is 100376872289 a composite number?
False
Is 986437471 a composite number?
False
Is 132299533 a prime number?
False
Is 14318278063 composite?
False
Is 23297888723 a prime number?
False
Is 17504565889 a composite number?
False
Is 2977313099 composite?
False
Is 94684027 composite?
False
Is 197521023471 a prime number?
False
Is 4713390821 a composite number?
False
Is 1753535611 a prime number?
True
Is 1578091241 a prime number?
True
Is 2774813861 a composite number?
False
Is 34253001421 composite?
True
Is 8142557149 prime?
True
Is 272764823 composite?
False
Is 15577675049 a prime number?
True
Is 24433592851 prime?
True
Is 1014738629 prime?
False
Is 4487763289 composite?
True
Is 139098779 a prime number?
False
Is 910592035 a prime number?
False
Is 9084173731 prime?
True
Is 936245671 a prime number?
False
Is 6564348541 prime?
True
Is 1663412327 prime?
True
Is 48810029 prime?
False
Is 451788037 prime?
True
Is 3001169207 a prime number?
True
Is 25356329121 composite?
True
Is 5163100553 composite?
True
Is 1433273665 prime?
False
Is 474338563 prime?
True
Is 50360932957 a prime number?
False
Is 159222839 composite?
False
Is 613441561 prime?
True
Is 2636702527 a prime number?
False
Is 3441443479 a composite number?
False
Is 1064505997 a prime number?
True
Is 836040371 a composite number?
True
Is 284165465939 composite?
False
Is 48083790817 composite?
True
Is 932470457 composite?
True
Is 28601461 composite?
True
Is 170215794011 composite?
False
Is 68951693 a composite number?
False
Is 197547671 composite?
True
Is 5261517934 prime?
False
Is 2438219911 prime?
True
Is 846057851 composite?
False
Is 745786913 a composite number?
False
Is 3038324581 a prime number?
True
Is 4046283677 a composite number?
True
Is 2771669 prime?
True
Is 4821100939 a prime number?
False
Is 51594653203 prime?
True
Is 4649434105 a prime number?
False
Is 2526307193 composite?
False
Is 30010070527 a composite number?
False
Is 142930537 a composite number?
True
Is 524286799 composite?
True
Is 5893949497 a composite number?
False
Is 600040417 composite?
False
Is 87967669697 composite?
True
Is 41073462109 prime?
True
Is 31059213769 prime?
True
Is 7882403 composite?
True
Is 142194878909 a prime number?
True
Is 12194938157 a composite number?
False
Is 1740609223 composite?
True
Is 4112656817 prime?
True
Is 19581613639 a composite number?
True
Is 5501935661 a prime number?
True
Is 282954767 composite?
True
Is 746311409 prime?
True
Is 61885788197 prime?
True
Is 1422416647 prime?
False
Is 1233180077 a composite number?
False
Is 63777059 composite?
False
Is 3485297329 prime?
True
Is 536903054 